 -35) - -44
7
What is (9 + -16 - (11 - -9 - 16)) + -61?
-72
24 + -6 + (-7 - -12) - -17
40
What is (-15 - (-54 + 18)) + -18 - 11?
-8
What is -54 + -18 + 93 - 18?
3
Evaluate -74 + 0 + (3174 - 3041).
59
Calculate 10 + 3 + -13 + (8 - -3) + 89 - 2.
98
Evaluate (-2 - ((6 - -2) + -1 + (130 - 154))) + -9.
6
75 - (65 + -71) - (-4 - 1) - 4
82
What is 84 + -163 - -90 - (73 + -1)?
-61
-7 + -5 - (-23 + 1 + (1 - -3))
6
Evaluate 11 - 52 - -96 - 10.
45
Evaluate 134 - 195 - (-9 - 21).
-31
Evaluate 45 + -44 + (-3 - (8 - 3 - 4)).
-3
(12 + 14 - (-8 + 18)) + -55
-39
What is the value of 354 + -338 - (-39 - 5)?
60
Evaluate 1 + 7 + -13 + (49 + -11 - 18) + 11.
26
81 - (12 - (67 - 82))
54
16 + (-68 - (-26 - -12)) + -5
-43
What is the value of (92 - -57) + -194 - -97?
52
59 + -23 + -110 + 211 + -15 + 0
122
21 + -7 - (-12 - (-53 + -2))
-29
Calculate -8 - (7 - 8 - 6) - (-32 + -14).
45
Evaluate -25 - -21 - ((-3 - -2) + -27 + -19).
43
39 + 85 + -43 + -52
29
Evaluate (80 - 14) + 32 - (23 - -2 - 0).
73
What is (-37 - 3) + 236 + -252 + -22?
-78
Evaluate -32 - (-578 + 621 + (-40 - 0)).
-35
Evaluate 0 - (14 - ((-34 - -17) + 22)).
-9
What is the value of 6 + -3 - (85 - (19 - (5 - (-1 - 1))))?
-70
What is the value of 2575 - 2455 - (-5 + -4 + 22)?
107
Calculate (3 + -10 - 4) + (-26 - (-94 - -46)).
11
Calculate 5 + (0 - 12 - (23 - 32)) + -55 + -4.
-57
What is -484 - -449 - (107 + -16)?
-126
What is the value of 440 - 425 - (52 - 0) - (-1 + 10) - -8?
-38
What is the value of 4 + -2 + (-101 - -101) + -24?
-22
Calculate (80 - -9 - 38) + -54.
-3
Calculate (-36 - (19 - 31)) + 81.
57
What is -827 - -875 - (118 + 1)?
-71
What is the value of 10 + (-16 - 4) + -34 + 55 + -14?
-3
What is (-18 - -2) + (-2 - -2 - (-80 - -100))?
-36
Calculate (11 - 3 - 29 - -9) + 67.
55
-5 + 78 + (7 - (61 + -31))
50
Calculate -115 + 0 - (5164 - 5202).
-77
Calculate -97 - (-5 + -57 - -21).
-56
Evaluate -29 + 25 + 5 + -9 - (0 + 3 - 11).
0
-111 - 0 - (-17 - -17) - (-1445 + 1451)
-117
1 + -13 + (65 - 82) + 48
19
What is -40 + 51 + (14 - 58) + 11?
-22
Evaluate 25 + 3 + -47 + 66.
47
What is the value of (56 - 58 - (-5 - -2)) + -35 + -26?
-60
What is the value of -3 + -8 + 0 + 0 + 4 + -9?
-16
Evaluate 129 + -161 + -111 + 147.
4
Calculate (18 - (20 + 7)) + -1 + 17 + 0 + -28.
-21
What is the value of -413 + 380 - ((-7 - -5) + 14)?
-45
What is the value of 55 + -4 + -10 + (-2 - -15) + -4?
50
Calculate 37 - 0 - (-331 + 157 + 164).
47
Calculate 45 - (16 + 40) - 45.
-56
Calculate (-56 - -102) + -36 + -2.
8
What is the value of -6 + (-17 - (-5 - -8 - -37))?
-63
What is -5 + 20 + ((17 - 5) + -16 - 52)?
-41
Evaluate -5 + -88 - (36 - (-7 + 34)).
-102
Calculate 2 + -35 + -6 - (86 + -45 - 63).
-17
What is -22 + -1 - (-11 + 15 + -9 + 10)?
-28
What is (5 - -48) + (-3 - (-5 + -3) - (6 + -1))?
53
Evaluate -3 - (97 - 85) - (3 + -1 - -15).
-32
Evaluate (-9 - -57 - 13) + -19 - 58.
-42
Calculate (0 - ((8 + 5 - -35) + -1)) + 1 + -13.
-59
What is -87 + (-6 - -5) - (7 + (-28 - (-9 + -7)))?
-83
Evaluate 32 - 0 - (-306 + 272).
66
What is -53 - (-139 - (-19 - -14))?
81
Calculate (-3 - 0) + (71 - 37) + -51.
-20
What is the value of (-42 + 3 - -16) + 48 + 43?
68
What is the value of 0 + -4 + -111 + 109 + -31 - -10?
-27
684 + -824 - (-20 + (-26 + 23 - (0 - 8)))
-125
What is -112 + (-106 - -204) + 46?
32
Evaluate 61 - (-8 - -1 - (497 + -513)).
52
What is the value of -50 + 188 + -152 + (1 - (1 - 28))?
14
What is the value of -8 + 11 - (-1184 + 1145)?
42
-3 + 2 - (356 + -374)
17
What is the value of (100 - 86) + (-51 - 5) + 9 + 2?
-31
Evaluate 43 + -6 + 2 + -18 + 40.
61
(-55 + 43 - -34) + -10 - 42
-30
Calculate (-36 - -91) + 4 + -23.
36
Calculate (2 - 9 - -15) + 5 - (-45 - -100).
-42
Calculate -12 + 34 + -3 + -16 + 4.
7
Calculate -84 + 81 - (-2 + (9 - 2 - -35)).
-43
What is -3 + -65 - (-183 - -162) - -34?
-13
Evaluate 24 - 11 - -9 - (-16 - -17).
21
What is the value of (-11582 - -11597) + (1 + -33 - -2)?
-15
Calculate 1 + (50 - 77) - -21.
-5
Calculate 273 + -264 - (-2 + (-13 - -56)).
-32
What is the value of 136 + (-13 + -24 - 91)?
8
What is the value of 27 - (93 - (-27 - 42))?
-135
-7 + -13 + 26 - (20 + -28) - 20
-6
What is 32 - 18 - (-54 + -17 + -6 + 18) - -11?
84
Calculate (3 + -26 + -3 + 10 - -7) + 8.
-1
Calculate (-4 - -10) + -14 - 33.
-41
What is 13 - (1 - 3 - (7 - 1) - (7010 - 6948))?
83
24 + -82 + 71 - (-1 - 118)
132
What is the value of -23 + 4 + -2 - (-2 - 8)?
-11
Evaluate -18 - -9 - -11 - (-35 + -3 + -12).
52
Evaluate 142 + (-36 - (62 + -21)).
65
Evaluate 45 + -57 + (-36 - -78).
30
What is 15 + 6 - 0 - (165 - 95)?
-49
What is the value of -1 + -1 - (33 + 11 + -125 - (11 + 10))?
100
What is the value of 5 + (3 - 7 - -9 - -3) - (145 - 61)?
-71
6 + (-14 - (-17 + -15) - 55)
-31
What is the value of 85 + -92 + -1 + 87 + (5 - 5)?
79
Calculate (-4 + 3 - -12) + (-220 - -226).
17
Evaluate -27 + -17 + 10 + 44 - 75.
-65
Evaluate 85 + (557 + -569 - (-1 + -3)).
77
Evaluate -28 + 4 - (-78 + -1 - -86).
-31
Calculate 6 + (-21 - -18) - ((-17 - 106) + 17).
109
Calculate 55 + -21 + -22 + (1 + 21 - 4).
30
Evaluate 12 + 0 - (135 - 145) - (-1 - -4).
19
Calculate -89 - (83 + -118 + 47).
-101
0 + -6 + (62 - (52 + 9))
-5
-26 - ((-10 - (-3 + 0 - -4)) + 18)
-33
Evaluate (-3 + -21 - 0 - -24) + -29.
-29
(2 + -71 + -1 - 0) + (36 + -50 - -25)
-59
What is the value of (1 + 4 + 8 - 5) + (8 - (-48 - -203))?
-139
Calculate (-687 - -694) + (-11 - (-1 + -1)) + 20 + -3.
15
Evaluate (-7 - ((-3 - -1) + 22)) + -6 + (4 - -1).
-28
Calculate (-1 - -30) + -381 + 359 + 99 + 3.
109
Calculate -38 + 26 - (5 - -3) - 9 - 9.
-38
Calculate (-15 - (-20 - (-28 + 12))) + 6.
-5
What is the value of (65 - -2) + -3 - (-8 - (4 - 3))?
73
What is (84 - 98) + -43 + 49?
-8
What is -28 - 0 - (-40 - (-31 + 21) - -34)?
-32
Evaluate (-9 - 14) + 35 - 42.
-30
Calculate -13 + ((-18 - -4) + 24 - (-2 + 4)).
-5
What is the value of 255 + -49 - 124 - 111?
-29
Calculate -95 - (-204 - -95) - (0 + 3).
11
What is 7 + -21 + 20 + (33 - -5 - 7)?
37
What is the value of 55 - (-75 + 33 + 64)?
33
What is -10 + -2 - (-12 + 2) - -35?
33
Calculate (27 - 1) + (78 - 128).
-24
3 - 6 - 8 - (32 + (-52 - -16) + -2)
-5
Evaluate (67 - (12 + 11 + -22)) + (29 - 38).
57
Evaluate -4 + -1 - (-63 + (0 + -3 - -25) - 19).
55
-51 + (8 - -12) - -21
-10
-3 + 9 - (15 + 51 + 1 + -10)
-51
What is 10 - 16 - (73 - 99)?
20
What is the value of (81 - 1) + -160 + 17 + 124?
61
Evaluate -22 + 23 + 14 + -17 + 11.
9
What is 7 + (-44 - 18) + -5 + (5 - -5)?
-50
Calculate ((-55 - -67) + -15 + -2 - (7 - -1)) + 111.
98
Calculate 51 + -38 + -63 - -1.
-49
Evaluate 0 + 19 + -26 + -10 + 27 + (-1 - -99).
108
(-35 - (-10 - 0)) + -203 + 200
-28
Calculate (77 + -69 - -3) + (-4 - -3).
10
109 - 14 - (-9 + -14 + (14 + 5 - 10))
109
Evaluate 35 + (-25 - -82 - 34) + -23.
35
What is the value of 5 + -16 - (-7 + -8 + 3) - 43?
-42
(18 - 1) + (82 - 91) - 12
-4
What is -11 - (-27 + -3 + (13 - -8) + -4)?
2
What is 34 + -16 + -13 + 0 + (-9 - 6)?
-10
Calculate 332 + -432 + (-12 - -137).
25
What is -58 + (-52 - 51 - -53)?
-108
Evaluate 29 - (15 - (28 + -45)).
-3
Calculate 3 - (-5 + 13 + -32) - -48.
75
What is the value of 15 - ((281 - 287) + -4 + 19)?
6
(149 - 77) + -76 + (2 - (-39 - -1))
36
What is (-1 - (3 + -6) - -3) + (-331 - -328) + 32?
34
26 + -7 + (-105 - -52)
-34
What is (8 - 12) + (-27 + (8 - 6 - 15) - 2)?
-46
Calculate 4 - 14 - (-5 + (-5 - -8) - (-1 + 9)).
0
Evaluate (5122 - 5207) + 67 + -1.
-19
2 + (-11 - -2) + (-98 - -1)
-104
What is the value of -1 + 2 - -1 - -48 - (91 - -325 - 412)?
46
Evaluate -201 - (-39 + -12) - (-32 - 2).
-116
Evaluate -14 - 17 - (7 - (4 - 3 - (-4 + 0))).
-33
Evaluate (68 - 24) + 3 + -85.
-38
What is 4 + 14 - (22 + -16 + 42)?
-30
What is -14 + 37 + (36 - (-49 + 59))?
49
Evaluate -60 + 70 - (-61 - -7).
64
What is the value of -4 - (-10 + 9 - (-8 - 4))?
-15
-4 + 102 - 16 - (129 + -84)
37
Calculate -12 + (-24 - -11 - -10) + -26 + 3.
-38
Calculate 91 - ((-5 - (-15 + 0)) + -105 + 98).
88
Evaluate -21 - (63 + -11 + (-5 - 7)).
-61
Evaluate (16 + (-18 - -7) - 11) + 20.
14
What is 21 + -21 + 83 - 7?
76
What is 60 + (-19 - (126 + -234))?
149
Calculate -1 - -20 - (207 + -161 - -12).
-39
What is (-4 - (13 + -25 + 12) - 0) + (55 - -8)?
59
What is the value of 1 - -1 - -31 - (18 + -42 + 8 + 26)?
23
Evaluate (-82 - 1) + (5036 - 4936).
17
What is the value 